 z?
5
Suppose -3*s = u - 9498, 7*s - 6*s = -7*u + 66406. What is the tens digit of u?
8
Let f(r) be the third derivative of r**6/120 + 7*r**5/60 - r**4/4 + 7*r**3/2 + 11*r**2. Let a be f(-9). Let b = a + 238. What is the hundreds digit of b?
1
Let y(g) = -74*g + 70. Let b be y(1). Suppose -5*v - 25 = 0, -3*v = 3*r - 0*r + 24. What is the tens digit of 65 + (0/r - b)?
6
Let f(v) = -5*v**3 + v**2 + 6*v - 3. Let i = -62 - -62. Suppose u - l = -3, u + i*l = -4*l - 3. What is the units digit of f(u)?
3
What is the tens digit of (-3)/(30/4) + 22*7555/25?
4
Let i = 46607 - 24589. What is the ten thousands digit of i?
2
Let k(a) = -281*a + 444. What is the tens digit of k(-12)?
1
Let a = 26 - 36. Let k(d) = -11*d**2 + 14*d + 6. Let i(h) = -3*h**2 + 5*h + 1. Let t(o) = 3*i(o) - k(o). What is the hundreds digit of t(a)?
1
What is the hundreds digit of ((-62835)/(-9) + 7)/((-24)/(-36))?
4
What is the units digit of -3 + 657 + 2/3 + (-400)/60?
8
Let a(o) = 20*o - 144 + 3*o + 13*o - 9*o + 6*o. What is the hundreds digit of a(28)?
7
What is the thousands digit of (2 + -12)*-6*(-63)/(-540) + 3459?
3
Let h(d) be the third derivative of -d**6/40 - d**5/15 + d**4/3 - d**3/3 - 143*d**2 - 2. What is the units digit of h(-7)?
5
Let u = -101 + 573. What is the hundreds digit of u/3*(-18)/(-48)*6?
3
Suppose -240*b + 7881948 = -36*b. What is the ten thousands digit of b?
3
Suppose 140 = 20*g - 2000. Suppose -104*r + g*r = 927. What is the tens digit of r?
0
Suppose 0 = 3*y + 5*y - 384. Let u = 44 - y. What is the tens digit of u/4*(-37)/1?
3
Suppose -5*v = 3*o - 190, 5*o = o + 4*v + 264. Let t be -2 + o + -16 + 15. Let b = t + -5. What is the tens digit of b?
5
Suppose 34*w - 130550 = 9*w. What is the hundreds digit of w?
2
Suppose -4*p = 2*i - 5443 - 90271, p = -2*i + 23933. What is the ten thousands digit of p?
2
Suppose -3576*o = -3580*o - 5*c + 206878, 2*o = -c + 103448. What is the hundreds digit of o?
7
Let q = -5106 - -16285. What is the units digit of q?
9
Suppose 5*q + 5*n = 870, -3*q = -13*n + 9*n - 515. Let g = 229 - q. What is the units digit of g?
6
Let g(h) = 3665*h - 4081. What is the hundreds digit of g(11)?
2
What is the units digit of -1700*-20*5/20?
0
Suppose -2*p = -3*w + 811, -4*w + 350 = -2*p - 728. What is the tens digit of w?
6
Let j = 906 - 1144. Let f = 1009 + j. What is the tens digit of f?
7
Suppose s - 112 = -3*s. Let q be (-7)/s - (-1641)/4. Suppose 0 = -3*d + 8*d - q. What is the tens digit of d?
8
Let f be (-200)/(-72) - (-6)/27 - -617. What is the tens digit of (-49935)/(-93) + 40/f?
3
Let c = 248 + -232. Suppose 1640 = c*g - 8*g. What is the hundreds digit of g?
2
Suppose -4*n + 4*b - 68 = 0, -5*b - 62 = 3*n - 11. Let l(a) = -a**2 - 18*a - 20. Let c be l(n). What is the units digit of 118*(1/2 - (3 + c))?
9
Suppose -14*j - 240 = 2*j. Suppose 0*p - 172 = p. What is the tens digit of (j/(-9))/(p/174 - -1)?
4
Suppose 8 = 5*q - 2*l, l - 2 = -1. What is the tens digit of -1*2/q + 189?
8
Let q(r) = -573*r. Let k be q(-1). Suppose -297 = -k*y + 570*y. What is the units digit of y?
9
Let z = -138 - -147. Suppose -z*b = 58 - 5260. What is the units digit of b?
8
Let z(y) be the third derivative of y**5/12 - 35*y**4/24 - 8*y**3/3 - 200*y**2. What is the tens digit of z(14)?
7
What is the hundreds digit of 9 + -22 + 0 + 49852?
8
Let w be 41445/40 + (-2)/16. Let c = w + 29. What is the tens digit of c?
6
Suppose -5*q + 6*q = 28. Let i = 282 - q. What is the hundreds digit of i?
2
Let q(k) be the first derivative of k**6/120 - k**5/10 - 11*k**4/24 - 5*k**2 - 11. Let p(j) be the second derivative of q(j). What is the units digit of p(8)?
0
Let l(d) = -4*d - 50. Let b(o) = o + 1. Let x(k) = -2*b(k) - l(k). Let i = 4180 - 4186. What is the tens digit of x(i)?
3
Suppose -21*v - 2*d = -16*v - 22, 4*v - 44 = 5*d. Suppose 0 = -6*i - v, 186 = -3*t - 3*i + 2601. What is the units digit of t?
6
Let g(i) = -15*i**3 - 37*i**2 - 2*i - 10. What is the tens digit of g(-6)?
1
What is the hundreds digit of (-10 + 20690/30)*75?
9
Let n = -6 - -17. Suppose 1 - n = -5*i. Suppose -i*o = o - 240. What is the units digit of o?
0
Let a(g) = -g**3 + 5*g**2 - 16*g + 96. Let t be a(5). Suppose 5*n + 600 = 9*n. Suppose t*m - 518 + n = 0. What is the units digit of m?
3
Let l = 231 + -222. Suppose -10*b + 245 = -l*b. What is the tens digit of b?
4
Let w(k) = k**2 - 40*k + 355. Let z be w(27). Let c be 4/(-3)*3/(-2). Suppose -5*q - 3*g = c*g - 285, -z*g + 20 = 0. What is the tens digit of q?
5
Let a(v) be the first derivative of v**3/3 + 5*v**2/2 + 66*v - 2. Let h be a(0). What is the units digit of ((-15)/9 + -1)*h/(-8)?
2
Let r be (-163 - -17)*(-1)/2. Let p = 175 - r. What is the units digit of p?
2
Let g be 3*(-12)/126 - (-121)/7. Suppose 4620 = g*d + 3*d. What is the hundreds digit of d?
2
Let l be (-6)/(-8)*-4 + 17. What is the tens digit of 4/l - 7/49*-1909?
7
Suppose 5*k + 595 = -m, 3*k + 4*m + 344 = 6*m. Let v = 121 + k. Suppose 3*p = 2*t + 589, -v*t - 767 = -4*p - 4*t. What is the tens digit of p?
9
Suppose 98*g + 432 = 100*g. What is the units digit of (178 - 1)/(g/504)?
3
Let t(y) = -83*y + 41. Let g(w) = 82*w - 42. Let r(m) = -4*g(m) - 3*t(m). What is the tens digit of r(-3)?
8
Let p = 8 - -11. Let y = -18 + p. Suppose -7*u = -279 - y. What is the units digit of u?
0
Let z(u) = 3*u**2 - 11*u + 4. Let c be z(7). Suppose -3365*v + 3355*v - 10 = 0. What is the hundreds digit of (c/(-3))/(2*v/12)?
1
Let m be ((-106)/3)/((-3087)/(-621) + -5). Let x = m + -509. What is the tens digit of x?
1
Let g(f) = 906*f + 841. What is the units digit of g(2)?
3
Let a(u) = -53*u - 76. Let f be a(-5). Suppose -379 = 188*w - f*w. What is the hundreds digit of w?
3
Suppose 3*x - 3208 = -9*x + 48920. What is the units digit of x?
4
Let v = 98 - 96. Suppose -2*s + 0*u + v*u = 0, 10 = -s + 3*u. Suppose s*z - 421 - 174 = 0. What is the hundreds digit of z?
1
Let l(p) = -p. Let y(f) = -27*f - 3. Let r(m) = -l(m) + y(m). What is the units digit of r(-8)?
5
Suppose 0 = 4*z + 5*l + 15, -30*z + 29*z = 3*l + 2. What is the units digit of ((-16)/(-4) + z)/(-1)?
1
Let m(b) = 6*b**2 + 7*b + 7. Suppose -2*t = -6 - 4, -u = t - 2. What is the units digit of m(u)?
0
Let v be 30/(-35)*1477/(-2). Suppose 65*l - 66*l + v = 0. What is the hundreds digit of l?
6
Suppose 0 = 59*f - 17197 - 234303 + 21400. What is the hundreds digit of f?
9
Let h(f) = 5851*f - 1576. What is the tens digit of h(3)?
7
Let y(r) = -r**2 - 10*r - 12. Let a be y(-8). Suppose -a*h + 26 = -22. What is the units digit of 730/h + (-5)/(-30)?
1
Suppose -6*q = -3*q + 15, 5*g + 5*q = 27505. What is the units digit of g?
6
Suppose -3*k - 241 = -4*j, 5*k + 2*j = -0*j - 419. Let h be (-30)/40 - k/8*10. Let w = h - -86. What is the units digit of w?
9
Suppose 0 = -k - 3*k - 12, -45 = -5*d + 5*k. Let a(x) = x**3 - 2*x + x**2 + 7 - 2 - 3*x - x. What is the units digit of a(d)?
1
Let n = 18 + -18. Suppose 0*o + n*o = 7*o. Suppose 4*b + 3*c - 2*c - 283 = o, 0 = -c - 5. What is the tens digit of b?
7
Let r(b) = -11*b + 2. Let i(z) = -1. Let a(f) = -i(f) - r(f). Let u be a(4). Suppose 0 = 4*d - u - 73. What is the tens digit of d?
2
Suppose 4*c - 10*s = -13*s + 91167, c - 3*s = 22788. What is the hundreds digit of c?
7
Let w be 10/(-25) - (-7134)/(-15). Let x = w - -173. Let t = x - -447. What is the units digit of t?
4
Suppose 0 = -46*g + 2943 + 14951. What is the tens digit of g?
8
Let p be 12/(-3)*18/(-4). Suppose -7*j + 3*j - 24 = 0. Let g = p + j. What is the units digit of g?
2
Suppose -12*k - 40617 + 93741 + 78180 = 0. What is the tens digit of k?
4
Suppose -3*v + v = -2*g + 18, g + 4*v = 24. Let p = 766 - 278. Suppose -g*m = -4*m - p. What is the tens digit of m?
6
Suppose -2*u - 27719 = -7*u - 4*h, -2*h = -2*u + 11084. Let n = u + -3922. What is the tens digit of n?
2
Let h(p) = -49*p**2 + 10*p + 15. Let b(a) = -97*a**2 + 21*a + 31. Let m(l) = 2*b(l) - 5*h(l). What is the units digit of m(5)?
2
Let h(v) = v**3 + 4*v - 5 + 13 + v - 8*v**2. Let n be h(7). Let q = 46 + n. What is the units digit of q?
0
Suppose 59*y + 85*y - 6711649 = -2036401. What is the ten thousands digit of y?
3
Suppose -m = 4*m - 7440. Let t(s) = 2*s**3 + 2*s**2 - 6*s + 6. Let q be t(3). What is the tens digit of m/q - (-2)/10?
2
Let p = 0 + 0. Let m be (-2 - -47)*